c(i) = -i**3 - 10*i**2 + 2375*i + 9175. Determine c(46).
-71
Let v(t) = -7802*t - 202166. What is v(-26)?
686
Let z(h) = h**3 - 6739*h**2 - 33719*h + 10. Give z(-5).
5
Let p(y) = y**2 + 57*y - 8690. Give p(73).
800
Let h(o) = 74717*o + 15914735. Calculate h(-213).
14
Let u(d) = -34339*d - 995824. What is u(-29)?
7
Let p(j) = -j**3 + 11*j**2 - 359*j + 3080. What is p(9)?
11
Let s(r) = r**3 - 81*r**2 + 243*r - 674. What is s(78)?
28
Let w(u) = 3233*u + 307159. What is w(-95)?
24
Let r(n) = -370*n - 68392. Calculate r(-185).
58
Let y(j) = 20208*j - 100997. Give y(5).
43
Let g(m) = -m**3 + 64*m**2 + 809*m + 1078. Determine g(75).
-122
Let n(p) = -11*p**3 - 295*p**2 - 113*p - 4507. Determine n(-27).
2
Let h(x) = 6*x**3 - 242*x**2 + 2433*x - 876. Calculate h(17).
25
Let c(a) = -a**3 + 129*a**2 - 2264*a - 183. Calculate c(108).
249
Let g(b) = 1403*b - 464379. Determine g(331).
14
Let x(m) = m**2 + 5*m - 373. Give x(-22).
1
Let y(f) = -7*f**3 - 17*f**2 - 38*f + 209. Calculate y(5).
-1281
Let h(y) = -3*y**3 + 250*y**2 - 1013*y + 56180. Give h(82).
10
Let u(g) = 257*g - 6853. Determine u(26).
-171
Let o(v) = -2*v**3 + 188*v**2 - 176*v - 931. Calculate o(93).
-1
Let d(x) = 11225*x + 44730. Give d(-4).
-170
Let b(g) = -6*g**3 - 6*g**2 + 1507*g + 8996. Determine b(-6).
1034
Let i(z) = z**3 - 832*z**2 - 3374*z + 25040. Give i(836).
-40
Let l(k) = 45*k - 2716. Calculate l(63).
119
Let z(b) = -13*b**3 + 363*b**2 + 30*b + 172. What is z(28)?
228
Let w(t) = -t**3 + 17*t**2 - 112*t - 119. Determine w(11).
-625
Let k(j) = -5*j**3 + 2*j**2 - j + 5. Calculate k(-2).
55
Let x(r) = 128470*r - 513759. Give x(4).
121
Let s(c) = -5*c**2 + 891*c + 3413. What is s(182)?
-45
Let w(v) = -862*v - 7617. Give w(-9).
141
Let t(h) = h**3 + 104*h**2 - 2791*h - 48. Give t(22).
-466
Let q(o) = 108*o**2 + 3209*o - 888. Calculate q(-30).
42
Let o(t) = -2*t**3 - 17*t**2 - 428*t - 3378. Calculate o(-8).
-18
Let r(x) = 19*x**3 + 4*x**2 - 30*x - 55. Give r(-2).
-131
Let h(d) = 201*d - 42976. Calculate h(214).
38
Let y(v) = 99*v**2 - 254*v - 351. Give y(-1).
2
Let q(i) = i**3 - 635*i**2 + 12885*i + 174. Calculate q(21).
-15
Let c(g) = -4*g**3 + 596*g**2 + 14*g - 528. Determine c(149).
1558
Let u(q) = 382*q + 34079. Determine u(-89).
81
Let u(m) = 5*m**3 - 196*m**2 + 30*m - 5. What is u(39)?
-356
Let o(c) = c**3 - 63*c**2 + 46*c + 4106. Determine o(61).
-530
Let p(a) = -85*a**2 + 17941*a - 1170. Determine p(211).
96
Let b(v) = v**2 - 850*v + 65950. Determine b(86).
246
Let l(t) = -2*t**2 - 13285*t - 53128. What is l(-4)?
-20
Let v(l) = -3266*l + 3586. Determine v(1).
320
Let u(c) = 3174*c - 89117. Determine u(28).
-245
Let d(f) = 2*f**3 + 33*f**2 - 224*f + 321. What is d(3)?
0
Let a(z) = 8*z**2 + 38*z + 179. Give a(-9).
485
Let v(y) = 51*y**2 + 2251*y + 313. Calculate v(-44).
5
Let k(r) = 3*r**3 - 135*r**2 - 190*r + 2473. Give k(46).
81
Let o(s) = s**3 + 6*s**2 + 43*s + 224. Give o(-8).
-248
Let q(d) = d**2 - 894*d - 462779. Calculate q(-367).
8
Let l(x) = -x**2 - 5810*x + 186934. Give l(32).
-10
Let u(m) = -m**2 + 211*m + 117. What is u(210)?
327
Let u(p) = p**2 - 2705*p - 143652. What is u(-52)?
-288
Let s(r) = -5912*r - 916452. Calculate s(-155).
-92
Let j(x) = 14*x**3 + 251*x**2 + 30*x + 193. Give j(-18).
-671
Let g(l) = -3*l**3 - 76*l**2 + 64*l + 307. Give g(-26).
-5
Let o(y) = y**2 + 33*y - 160. Calculate o(4).
-12
Let f(l) = -3*l**3 + 44*l**2 + 550*l + 90. What is f(-8)?
42
Let j(r) = 1040*r - 1039. Calculate j(1).
1
Let s(t) = -957*t + 5690. Determine s(6).
-52
Let c(t) = -4417*t + 278593. Give c(63).
322
Let t(k) = 6*k**3 + 19*k**2 + 6*k - 4. What is t(-3)?
-13
Let z(w) = -2*w**3 + 19*w**2 + 58*w + 189. Calculate z(12).
165
Let s(n) = 592123*n + 2960626. What is s(-5)?
11
Let m(u) = 308822*u - 7102905. What is m(23)?
1
Let l(f) = -2*f**2 - 8278*f + 82973. What is l(10)?
-7
Let g(m) = -m**3 - 6*m**2 - 2616*m - 21092. Calculate g(-8).
-36
Let p(k) = -4066*k - 20328. What is p(-5)?
2
Let t(n) = n**2 - 908*n - 3720. Calculate t(-4).
-72
Let j(x) = 228798*x - 10524691. Determine j(46).
17
Let a(d) = -2412*d - 2252804. What is a(-934)?
4
Let i(j) = 73*j**2 + 1997*j - 1110. Calculate i(-28).
206
Let j(w) = -w**2 - 164*w + 2135. What is j(-179)?
-550
Let q(g) = 514*g + 12896. Give q(-25).
46
Let d(m) = -304324*m - 1217295. Give d(-4).
1
Let u(l) = l**3 - 65*l**2 + 721*l + 23. Calculate u(14).
121
Let b(t) = -9*t**3 + 598*t**2 - 845*t - 27. Determine b(65).
-27
Let i(c) = -18203*c + 90716. Give i(5).
-299
Let y(n) = 2*n**2 - 1124*n + 22777. What is y(21)?
55
Let y(j) = j**3 + 80*j**2 - 159*j - 12540. Give y(-80).
180
Let f(v) = 10000*v - 64. What is f(0)?
-64
Let d(g) = -605*g + 103412. Calculate d(171).
-43
Let c(p) = -p**3 + 4*p**2 + 943*p - 7153. Determine c(8).
135
Let l(z) = -z**3 + 76*z**2 + 5117*z + 67. What is l(119)?
67
Let m(a) = a**3 + 3190*a**2 + 25442*a - 133. Determine m(-8).
-21
Let t(o) = -190*o**2 + 3234*o + 12. What is t(17)?
80
Let t(r) = -5*r**3 + 41*r**2 + 36*r - 282. Give t(6).
330
Let f(j) = -21*j**3 + 6799*j**2 - 19*j - 1. Determine f(0).
-1
Let b(x) = 20*x**2 - 599*x - 2975. Give b(-5).
520
Let s(l) = 95634*l - 10519738. Determine s(110).
2
Let i(p) = 13592*p + 462090. What is i(-34)?
-38
Let n(v) = v**2 - 175*v - 9347. Calculate n(-40).
-747
Let l(h) = -7*h**3 + 6*h**2 + 5*h + 50. Give l(6).
-1216
Let i(f) = -f**3 - 66*f**2 + 431*f - 350. What is i(-72)?
-278
Let y(d) = 183695*d - 1469623. Determine y(8).
-63
Let b(p) = p**3 - 52*p**2 - 369*p - 6584. What is b(60)?
76
Let h(q) = 21*q**2 - 195*q - 11. Determine h(9).
-65
Let w(f) = -3*f**3 - 163*f**2 + 1435*f + 24959. Give w(-60).
59
Let y(p) = p**3 - 19*p**2 + 316*p + 4244. Determine y(-8).
-12
Let r(f) = -107*f - 13489. Give r(-126).
-7
Let l(u) = -u**3 - 5*u**2 + 85*u + 213. Calculate l(9).
-156
Let j(d) = d**3 - 20*d**2 - 371*d - 242. Give j(32).
174
Let y(w) = 7*w**3 + 6*w**2 + 2*w. Calculate y(3).
249
Let h(t) = -2*t**2 + 139*t - 2743. Give h(36).
-331
Let q(l) = l**2 + 60*l - 3444. What is q(-103)?
985
Let v(a) = 2408*a - 16764. What is v(7)?
92
Let i(u) = 2*u**3 - 42*u**2 - 458*u - 994. What is i(-5)?
-4
Let y(n) = -3*n**2 + 124204*n - 248406. What is y(2)?
-10
Let i(s) = -16123*s + 48377. Calculate i(3).
8
Let a(r) = -2*r**3 + 13*r**2 - 125*r + 706. Determine a(6).
-8
Let z(a) = -1157*a + 702386. Give z(607).
87
Let h(m) = -8*m**3 - 204*m + 11. What is h(0)?
11
Let x(v) = 30*v**3 + 11*v**2 - 4*v - 86. Calculate x(4).
1994
Let q(i) = -3*i**2 - 3082*i - 361390. What is q(-135)?
5
Let m(t) = 21*t**2 + 632*t - 142. What is m(-31)?
447
Let t(z) = z**3 + 40*z**2 + 20*z + 923. Determine t(-40).
123
Let c(o) = o**2 - 2581*o - 65157. What is c(-25)?
-7
Let b(s) = 4*s**3 - 447*s**2 + 976*s - 121885. Give b(112).
-29
Let y(c) = 1484*c - 302616. Calculate y(204).
120
Let h(a) = -a**2 + 2044*a + 41262. Calculate h(-20).
-18
Let y(i) = -4*i**3 + 4406*i - 6. What is y(0)?
-6
Let s(a) = -1800*a - 7022. Calculate s(-4).
178
Let x(s) = 3*s**3 - 119*s**2 - 540*s - 22. Calculate x(-4).
42
Let f(n) = 1488*n - 22434. Determine f(15).
-114
Let g(j) = -j**2 - 1140*j - 46179. Give g(-42).
-63
Let w(d) = 35836*d + 573368. Determine w(-16).
-8
Let l(y) = 34*y**2 + 121*y - 554. Calculate l(5).
901
Let k(x) = x**2 + 103*x - 129. What is k(5)?
411
Let o(t) = -7918*t - 3824417. Calculate o(-483).
-23
Let r(i) = -i**3 - 14*i - 721. What is r(0)?
-721
Let r(v) = -1879946*v + 20679422. Give r(11).
16
Let h(s) = -13*s**2 - 67*s + 92961. Give h(82).
55
Let k(g) = 3*g**2 + 4*g - 7501. Determine k(48).
-397
Let l(y) = 2*y**2 - 225*y + 2333. Determine l(11).
100
Let w(x) = -x**3 + 32*x**2 - 231*x - 501. What is w(25)?
-1901
Let r(s) = -s**3 - 278*s**2 - 1552*s - 51046. What is r(-273)?
5
Let x(s) = -s**2 + 68*s - 534. Determine x(8).
-54
Let z(h) = -2*h**3 - 142*h**2 - 640*h - 332. Determine z(-66).
-1652
Let z(o) = 2*o**3 + 41*o**2 - 519*o + 1534. Calculate z(-30).
4
Let d(n) = 97*n**2 + 995*n + 92. What is d(-10)?
-158
Let h(c) = 750*c**2 + 48759*c - 34. What is h(-65)?
-619
Let c(h) = -6178*h - 142096. Determine c(-23).
-2
Let t(y) = -72*y**2 - 3803*y + 655. What is t(-53)?
-34
Let h(c) = -91*c**2 - 6154*c - 12311. Give h(-2).
-367
Let m(i) = 256*i**2 - 1750*i + 34. Give m(7).
328
Let l(y) = 107823*y - 1186058. What is l(11)?
-5
Let c(l